5 - -39?
12
Evaluate 8 + -7 + (4 - (-3 + -3)) - 9.
2
What is 20 - -4 - (82 - 67)?
9
What is 2 + -3 + 32 - (459 + -449)?
21
What is the value of -7 - (5 + 4 + -2 - 4)?
-10
-159 + 156 - (-1 + 8)
-10
What is -8 + -1 + 1 + 0 - (-18 - -2)?
8
Evaluate -18 + 31 - 5 - (-5 + 1).
12
Calculate -13 - (-26 - -7 - 5).
11
Evaluate 5 + (-4 - -6) + -1 + -17 - 2.
-13
What is the value of (54 - 57) + (-5 - (3 + -8 + 5))?
-8
Evaluate -30 + 32 + -2 + 10.
10
What is -1 - (18 + (-8 - 2)) - -31?
22
What is (16 - (9 + 9)) + -2?
-4
Evaluate (0 - (-12 - 0)) + (-204 - -172).
-20
Calculate -8 + -19 + 5 - (-1 + -14 - -27).
-34
What is 1 + 10 + (19 + -26 - (-2 - 3))?
9
What is the value of -5 + (26 - (1 - -1 - (-3 + -1)))?
15
What is 1 + 8 + (6 + -26 - -9)?
-2
What is (61 - 33 - 28) + -4 + (1 - 4)?
-7
Calculate 0 - (4 + 1 + -4 + (4 - 1)).
-4
What is 7 + 20 + -6 - 47?
-26
What is the value of -6 + 6 + -3 - 4?
-7
What is the value of 2 + (-6 - (6 - 15) - 11)?
-6
What is the value of (-12 - ((2 - (3 + -5)) + -11)) + -14?
-19
What is the value of 0 + 10 + -14 + 0?
-4
What is 2 - 15 - (29 + -25 + (-4 - 5))?
-8
Evaluate (-11 - (-40 - 2)) + -11.
20
Calculate 11 - -1 - (-4 - -10).
6
What is -4 + (9 + -3 - 5) - 7?
-10
Evaluate -2 + 15 + (-40 - -32).
5
What is -18 + (1 + 0 - 3) - -9?
-11
What is (266 - 258) + -8 + 0?
0
What is the value of -37 - -34 - (-1 - 7) - 5?
0
(151 - 143) + -16 + 3 + -4
-9
Calculate -40 + 6 - (-8 + -3 + 0).
-23
What is 19 + (-7 - -5 - (-3 + 5))?
15
Calculate -11 - -1 - (-1 + (-19 + 25 - 7)).
-8
What is the value of 3 + (-6 - (7 + -22) - 0) + 2?
14
What is the value of 5 - (34 + -26 - (-5 + -1))?
-9
What is the value of 7 + -6 + 12 + -6?
7
What is the value of -4 + 3 + -2 + (0 - -7)?
4
(-12 - -3) + -26 + 29
-6
Calculate 347 + -350 + (-1 - -13).
9
Evaluate 3 - (-1 - -4) - (2 + -12).
10
What is the value of (17 - 1 - 18) + 8?
6
Evaluate (-2 - (11 + -15 - 17)) + (0 - -6).
25
Evaluate 6 + 5 - (15 + -10) - (33 - 1).
-26
Calculate -32 + 34 + ((-29 - 0) + 5 - 2).
-24
-14 + 32 - (10 + (9 - 35 - -4))
30
-13 + 31 + -14 + 5
9
2 + 26 + (-278 - -252)
2
Evaluate (-9 + 29 - (17 + 9)) + (26 - 0).
20
What is the value of 2 + 0 + 0 + 1 - (-408 + 430)?
-19
What is the value of -1 - 2 - (29 - 1 - (-11 - -28))?
-14
What is (56 - 22 - 31) + (1 - 11)?
-7
(0 - -13) + -2 + -3 + 6
14
What is -484 + 480 + (-2 - -1 - (5 - -1))?
-11
What is the value of (18 - 19) + 14 - 8?
5
21 + (8 - -32) + -27
34
What is the value of (20 - (15 + (18 - 7))) + (1 - -23)?
18
Evaluate 9 - 10 - (-9 + (13 - (8 - 2))).
1
What is the value of -26 - (10 - (1 - -18))?
-17
Calculate (-1 - 0) + (0 - ((-3 - 3) + 1)).
4
(-5 - (-34 - -28)) + 5
6
(-6 - 3 - (15 + -22)) + 4
2
What is the value of -3 - (9 + -4 + (-2 - 5))?
-1
What is 0 - (-4 - (5 - 29))?
-20
What is (-15 - 16) + 11 - -4?
-16
6 + (9 - 7 - 19) + 23
12
What is the value of 9 - -1 - (45 - (-28 + 75))?
12
Calculate (-12 - (5 - (12 - 0))) + 0.
-5
Evaluate 15 + 16 + 21 + -35.
17
Evaluate -6 + (2 - (-8 - (-3 + -3))).
-2
Calculate 14 - (8 + 0 - (31 + -14)).
23
Evaluate 14 - 0 - ((-13 - -17) + -11 + 5).
16
Evaluate 10 + (0 - 7) + -66 + 57.
-6
What is the value of -35 + 65 + 5 + -13?
22
What is the value of (-10 - 0) + (16 - (-15 + 36))?
-15
232 - 221 - (0 + 19)
-8
Evaluate (-14 - -4) + (-3 - 0).
-13
Calculate (2 - (-2 + 20)) + -1538 + 1552.
-2
What is the value of 37 + -4 - (-177 + 213)?
-3
(-10 - -7 - 2) + 5 + 6 + 0
6
Evaluate -1 + 27 + -4 + -7.
15
What is the value of (-3 + 6 - 13 - -4) + 8?
2
What is 10 + -23 - (-10 + 12)?
-15
What is (4 - 23 - -2) + (15 - 7)?
-9
What is -2 + 13 + -5 + 0 + 0 + 2?
8
16 + (-13 - -4) + -5
2
(-5 - 2) + -9 + 3 + 4 + 2
-7
What is the value of -39 - (-16 + -14 + -23)?
14
What is the value of -46 - -50 - (0 + -13)?
17
What is (4 - -16) + (-18 - (11 + -17))?
8
What is 1 - -5 - (-76 + 92 + -12)?
2
Evaluate -4 + 29 + -10 + -19 - -39.
35
What is the value of -8 + 7 + 2 - (6 + (-15 - -3))?
7
What is 17 - (-6 + (19 - -2) + -9) - 7?
4
What is -49 - ((0 - 36) + 19)?
-32
Calculate -5 + 16 + (-4 - 0).
7
Calculate 12 - (13 - 3 - (-13 + -17)).
-28
What is -12 + 0 + 5 + 24?
17
What is 32 + -15 + (1 - (-2 - 1) - 2)?
19
15 - 32 - -38 - 18
3
Evaluate (-13 - -7) + 2 + -8 + -12.
-24
3 - (-85 + 95 + (0 - 5))
-2
Evaluate (-29 - -3) + -8 + 12 + (-15 - -9).
-28
(-3 - 0) + -12 + 18 + -1
2
What is (0 - (1 - -5)) + (-23 - -34) - 2?
3
Calculate -4 + -14 + -2 + 17.
-3
What is the value of -24 + 18 - (-20 + -2) - (-3 + 14)?
5
Calculate 6924 + -6925 + (1 + 19 - (-2 - -3)).
18
What is the value of (-132 - -159) + 4 + -17?
14
-3 - (-3 - -3 - 10)
7
5 + (0 - (0 + 7)) - 17 - -3
-16
Evaluate 1 - (47 - (-31 - -56)).
-21
Calculate -18 - ((6 - -14) + -27).
-11
Calculate -4 - (11 - (16 + -2)).
-1
What is the value of 19 - ((17 - (16 + -10)) + -9)?
17
Calculate 3 - 15 - (-1 - (-7 + (4 - -8))).
-6
What is the value of (-6 - -1) + (17 - (3 - 1))?
10
What is the value of 4 + -1 + -3 + -6 - -2?
-4
Calculate 1 - 27 - (469 + -521).
26
12 + 2 + -4 - 3
7
What is 8 + 9 + 1 + 3 + (-12 - -6)?
15
Evaluate (2 - (-6 - (0 + -21))) + 5.
-8
Calculate (-151 - -162 - (1 - -2)) + 13.
21
Calculate 7 + -10 - -17 - 25.
-11
Calculate 4 + (9 - (-12 - -20)) + 6.
11
(1 - (21 - (-3 + 13))) + 10
0
Calculate -3 - -24 - (-169 - -198).
-8
13 + (-7 - 27) - -7
-14
Calculate (-8 - -16) + -4 - -1.
5
(-25 - -1) + (-3 - -35)
8
Calculate 1 - -17 - (26 + (-81 - -53)).
20
What is the value of -1 - -5 - (16 - 7)?
-5
What is -3 - -64 - 33 - 4?
24
Evaluate (-3 - -1) + (487 - 498).
-13
Calculate 1726 - 1689 - (27 - 0).
10
What is -2 + 14 + -7 + 6 + 6 + -3?
14
-38 + 5 + -25 + 30
-28
What is the value of 2 + (-34 - 4) + (22 - 6)?
-20
-2 - -13 - (2 + 10 + -19)
18
Evaluate 0 + (2 - -1) + -8 - (-15 - 2).
12
Evaluate -7 - (5 + 1 + -13).
0
What is 14 - (-5 + 0 + (-7 - -8) + -3)?
21
What is (-16 - -23) + 4 + -25?
-14
-19 + (1 - -14) + (-9 - 1)
-14
(-7 - (8 + 8)) + 23 + -14
-14
-14 + -27 - -33 - -6
-2
What is -6 + -142 + 159 + (-28 - -2)?
-15
What is (5 - (-41 + 7)) + -11 + 0?
28
What is the value of -1 + 33 + -1 + (-78 - -61)?
14
What is the value of ((-4 - 0) + -6 + 9 - 6) + -11?
-18
Evaluate (4 + 1 - 10) + -3 + 7.
-1
Evaluate 12 - (-2 + (1 - 0) + (175 - 164)).
2
Calculate -8 + (2 - -12) + 9 + -11.
4
What is the value of -1 + 5 + (11 - 14) - (-2 - 1)?
4
Calculate 12 + (6 + 1 - 5 - -5 - 7).
12
What is the value of -1382 - -1413 - (8 - (1 - 1))?
23
Evaluate 17 - (6 + (-7 - -12) + -8).
14
Evaluate 13 + (-1 - 1) + 9 + 7.
27
What is 19 + -6 - 5 - 15?
-7
What is the value of -15 + (19 + -20 - -40)?
24
Calculate -13 - (0 - 19) - 18.
-12
Evaluate -9 + 0 + (22 + -5 - 11).
-3
Evaluate -21 + 18 + -19 + 18.
-4
What is -417 - -408 - (-14 + 0 + 0)?
5
What is -10 + -13 + 10 + -3 + 9?
-7
What is the value of -3 + -16 - -1 - (129 - 113)?
-34
What is the value of -12 + -13 + (-9 - -27)?
-7
What is the value of -1 - (-4 + -4) - (0 - -2) - 4?
1
What is 2 + 9 - (8 + 16 + 1)?
-14
Evaluate 7 - ((7 - 10) + 21 + 12 - 4).
-19
Calculate -3 - (-2 + (-5 - -6)).
-2
What is the value of 2 + -26 - -2 - (-323 + 319)?
-18
Evaluate -13 + 2 - (-56 - -38).
7
19 + -41 + 24 - (-2 - (6 - 1))
9
What is the value of -14 + 36 - -36 - 25?
33
Evaluate -5 + -1 + (-1 - -8 - 12).
-11
What is the value of (69 - (122 + -45)) + (-7 - (-1 + 0))?
-14
Calculate 7 + -1 + -30 - -22.
-2
What is 3 + -6 - (3 - (23 + (-3 - 2)))?
12
Calculate 80 + -90 + 4 + 0.
-6
Evaluate (4 - (8 - 10)) + (-4 - 1).
1
What is the value of -10 + (4 - (-6 - (5 + -9))) - 3?
-7
-11 + 20 - (-13 - (-11 + -1 - -4))
14
Evaluate -13 - (-5 - (-4 + 1)).
-11
Evaluate 1 + -3 + -1 + (-9 - (13 + -23)).
-2
Evaluate (1091 - 1086) + (0 + -2 - (-1 + -16)).
20
(-11 - (-3 + -17)) + 7 + -3
13
What is the value of -27 + 2 + (38 - 24)?
-11
Calculate (-25 - -16) + 24 + 3 + (0 - -5).
23
(-4 - -7) + 2 - (15 - (1 + 24))
15
Calculate 26 + -1 + -16 + 1 + -13.
-3
3 - 2 - (-42 - -37)
6
(-6 - -1 - -4) + -7 + -11 + 9
-10
(-30 - -5) + 127 + -98
4
What is the value of 16 + -20 + 1 + -3 + 5 + 5?
4
Evaluate -7 - (1 + 1 + (2 - 4) + -3).
-4
What is the value of (17 + -9 + -11 - 0) + -2?
-5
What is the value of -28 + (2 - -13 - (26 + -20))?
-19
Calculate 26 + -1 + (13 - -1 - (-73 - -90)).
22
15 + (17 - 63) + 23
-8
(55 - (129 + -70)) + 0 + 0
-4
-4 + -3 + 5 - 0 - (-3 + 1)
0
Evaluate 4 + -5 - (1 - 5 - (101 - 112)).
-8
What is the value of -6 -